{"id":6,"date":"2018-01-29T14:21:24","date_gmt":"2018-01-29T13:21:24","guid":{"rendered":"http:\/\/tgs-somborn.de\/start\/?page_id=6"},"modified":"2026-01-21T17:17:11","modified_gmt":"2026-01-21T16:17:11","slug":"start","status":"publish","type":"page","link":"https:\/\/www.tgs-somborn.de\/start\/","title":{"rendered":"Herzlich Willkommen&#8230;"},"content":{"rendered":"<p>&#8230;auf der Internetseite der TGS 1888 e. V. Somborn, des gr\u00f6\u00dften und eines der traditionsreichsten Vereine in Freigericht.<\/p>\n<p>Unser <a href=\"https:\/\/www.tgs-somborn.de\/start\/wp-content\/uploads\/2026\/01\/Hallenbelegungsplan-2026.pdf\">sportliches Angebot<\/a> richtet sich an die ganze Familie. Egal ob Eltern-Kind-Turnen, Fitness f\u00fcr jedermann, Gymnastik f\u00fcr hochaltrige Menschen mit und ohne Bewegungseinschr\u00e4nkungen oder Reha-Sport.<\/p>\n<p>Wir bieten hier ein modernes und stets aktualisiertes Forum f\u00fcr unsere Mitglieder und f\u00fcr die, die es noch werden wollen.<\/p>\n<p>Wir w\u00fcnschen viel Vergn\u00fcgen beim \u201eSt\u00f6bern\u201c auf unserer Internetseite und hoffen, wir k\u00f6nnen mit unserem breitgef\u00e4cherten sportlichen und geselligen Angebot f\u00fcr unseren Verein Interesse wecken.<\/p>\n\n\n<h2 class=\"wp-block-heading\">Die aktuellsten Neuigkeiten:<\/h2>\n\n\n\n<div class=\"wp-block-columns is-layout-flex wp-container-core-columns-is-layout-9d6595d7 wp-block-columns-is-layout-flex\">\n<div class=\"wp-block-column is-layout-flow wp-block-column-is-layout-flow\" style=\"flex-basis:100%\">\n<div class=\"wp-block-group\"><div class=\"wp-block-group__inner-container is-layout-constrained wp-block-group-is-layout-constrained\"><ul class=\"wp-block-latest-posts__list wp-block-latest-posts has-medium-font-size\"><li><a class=\"wp-block-latest-posts__post-title\" href=\"https:\/\/www.tgs-somborn.de\/start\/weinwanderung-2026\/\">Weinwanderung 2026<\/a><\/li>\n<li><a class=\"wp-block-latest-posts__post-title\" href=\"https:\/\/www.tgs-somborn.de\/start\/spieleabend-im-april\/\">Spieleabend im April<\/a><\/li>\n<li><a class=\"wp-block-latest-posts__post-title\" href=\"https:\/\/www.tgs-somborn.de\/start\/karfreitag-2026\/\">Karfreitag 2026<\/a><\/li>\n<\/ul><\/div><\/div>\n<\/div>\n<\/div>\n\n\n<hr \/>","protected":false},"excerpt":{"rendered":"<p>&#8230;auf der Internetseite der TGS 1888 e. V. Somborn, des gr\u00f6\u00dften und eines der traditionsreichsten Vereine in Freigericht. Unser sportliches Angebot richtet sich an die ganze Familie. Egal ob Eltern-Kind-Turnen, Fitness f\u00fcr jedermann, Gymnastik f\u00fcr hochaltrige Menschen mit und ohne Bewegungseinschr\u00e4nkungen oder Reha-Sport. Wir bieten hier ein modernes und stets aktualisiertes Forum f\u00fcr unsere Mitglieder &#8230; <a title=\"Herzlich Willkommen&#8230;\" class=\"read-more\" href=\"https:\/\/www.tgs-somborn.de\/start\/\" aria-label=\"Mehr Informationen \u00fcber Herzlich Willkommen&#8230;\">Weiterlesen<\/a><\/p>\n","protected":false},"author":1,"featured_media":0,"parent":0,"menu_order":0,"comment_status":"closed","ping_status":"closed","template":"","meta":{"footnotes":""},"class_list":["post-6","page","type-page","status-publish"],"yoast_head":"<!-- This site is optimized with the Yoast SEO plugin v27.5 - https:\/\/yoast.com\/product\/yoast-seo-wordpress\/ -->\n<title>Herzlich Willkommen... | Turngesellschaft 1888 e.V. Somborn<\/title>\n<meta name=\"description\" content=\"Unser sportliches Angebot richtet sich an die ganze Familie. Egal ob Eltern-Kind-Turnen, Gymnastik f\u00fcr hochaltrige Menschen mit Bewegungseinschr\u00e4nkungen oder Reha-Sport.Wir bieten hier ein modernes und stets aktualisiertes Forum f\u00fcr unsere Mitglieder und f\u00fcr die, die es noch werden wollen.\" \/>\n<meta name=\"robots\" content=\"index, follow, max-snippet:-1, max-image-preview:large, max-video-preview:-1\" \/>\n<link rel=\"canonical\" href=\"https:\/\/www.tgs-somborn.de\/start\/\" \/>\n<meta property=\"og:locale\" content=\"de_DE\" \/>\n<meta property=\"og:type\" content=\"article\" \/>\n<meta property=\"og:title\" content=\"Herzlich Willkommen... | Turngesellschaft 1888 e.V. Somborn\" \/>\n<meta property=\"og:description\" content=\"Unser sportliches Angebot richtet sich an die ganze Familie. Egal ob Eltern-Kind-Turnen, Gymnastik f\u00fcr hochaltrige Menschen mit Bewegungseinschr\u00e4nkungen oder Reha-Sport.Wir bieten hier ein modernes und stets aktualisiertes Forum f\u00fcr unsere Mitglieder und f\u00fcr die, die es noch werden wollen.\" \/>\n<meta property=\"og:url\" content=\"https:\/\/www.tgs-somborn.de\/start\/\" \/>\n<meta property=\"og:site_name\" content=\"Turngesellschaft 1888 e.V. Somborn\" \/>\n<meta property=\"article:publisher\" content=\"http:\/\/www.facebook.com\/TurngesellschaftSomborn\" \/>\n<meta property=\"article:modified_time\" content=\"2026-01-21T16:17:11+00:00\" \/>\n<meta name=\"twitter:card\" content=\"summary_large_image\" \/>\n<meta name=\"twitter:label1\" content=\"Gesch\u00e4tzte Lesezeit\" \/>\n\t<meta name=\"twitter:data1\" content=\"1\u00a0Minute\" \/>\n<script type=\"application\/ld+json\" class=\"yoast-schema-graph\">{\"@context\":\"https:\\\/\\\/schema.org\",\"@graph\":[{\"@type\":\"WebPage\",\"@id\":\"https:\\\/\\\/www.tgs-somborn.de\\\/start\\\/\",\"url\":\"https:\\\/\\\/www.tgs-somborn.de\\\/start\\\/\",\"name\":\"Herzlich Willkommen... | Turngesellschaft 1888 e.V. Somborn\",\"isPartOf\":{\"@id\":\"https:\\\/\\\/www.tgs-somborn.de\\\/start\\\/#website\"},\"datePublished\":\"2018-01-29T13:21:24+00:00\",\"dateModified\":\"2026-01-21T16:17:11+00:00\",\"description\":\"Unser sportliches Angebot richtet sich an die ganze Familie. Egal ob Eltern-Kind-Turnen, Gymnastik f\u00fcr hochaltrige Menschen mit Bewegungseinschr\u00e4nkungen oder Reha-Sport.Wir bieten hier ein modernes und stets aktualisiertes Forum f\u00fcr unsere Mitglieder und f\u00fcr die, die es noch werden wollen.\",\"breadcrumb\":{\"@id\":\"https:\\\/\\\/www.tgs-somborn.de\\\/start\\\/#breadcrumb\"},\"inLanguage\":\"de\",\"potentialAction\":[{\"@type\":\"ReadAction\",\"target\":[\"https:\\\/\\\/www.tgs-somborn.de\\\/start\\\/\"]}]},{\"@type\":\"BreadcrumbList\",\"@id\":\"https:\\\/\\\/www.tgs-somborn.de\\\/start\\\/#breadcrumb\",\"itemListElement\":[{\"@type\":\"ListItem\",\"position\":1,\"name\":\"Startseite\",\"item\":\"https:\\\/\\\/www.tgs-somborn.de\\\/start\\\/\"},{\"@type\":\"ListItem\",\"position\":2,\"name\":\"Herzlich Willkommen&#8230;\"}]},{\"@type\":\"WebSite\",\"@id\":\"https:\\\/\\\/www.tgs-somborn.de\\\/start\\\/#website\",\"url\":\"https:\\\/\\\/www.tgs-somborn.de\\\/start\\\/\",\"name\":\"Turngesellschaft 1888 e.V. Somborn\",\"description\":\"Der Verein f\u00fcr die ganze Familie\",\"publisher\":{\"@id\":\"https:\\\/\\\/www.tgs-somborn.de\\\/start\\\/#organization\"},\"potentialAction\":[{\"@type\":\"SearchAction\",\"target\":{\"@type\":\"EntryPoint\",\"urlTemplate\":\"https:\\\/\\\/www.tgs-somborn.de\\\/start\\\/?s={search_term_string}\"},\"query-input\":{\"@type\":\"PropertyValueSpecification\",\"valueRequired\":true,\"valueName\":\"search_term_string\"}}],\"inLanguage\":\"de\"},{\"@type\":\"Organization\",\"@id\":\"https:\\\/\\\/www.tgs-somborn.de\\\/start\\\/#organization\",\"name\":\"Turngesellschaft 1888 e. V. Somborn\",\"url\":\"https:\\\/\\\/www.tgs-somborn.de\\\/start\\\/\",\"logo\":{\"@type\":\"ImageObject\",\"inLanguage\":\"de\",\"@id\":\"https:\\\/\\\/www.tgs-somborn.de\\\/start\\\/#\\\/schema\\\/logo\\\/image\\\/\",\"url\":\"https:\\\/\\\/i0.wp.com\\\/www.tgs-somborn.de\\\/start\\\/wp-content\\\/uploads\\\/2018\\\/01\\\/cropped-tgs_wappen-1.gif?fit=198%2C243&ssl=1\",\"contentUrl\":\"https:\\\/\\\/i0.wp.com\\\/www.tgs-somborn.de\\\/start\\\/wp-content\\\/uploads\\\/2018\\\/01\\\/cropped-tgs_wappen-1.gif?fit=198%2C243&ssl=1\",\"width\":198,\"height\":243,\"caption\":\"Turngesellschaft 1888 e. V. Somborn\"},\"image\":{\"@id\":\"https:\\\/\\\/www.tgs-somborn.de\\\/start\\\/#\\\/schema\\\/logo\\\/image\\\/\"},\"sameAs\":[\"http:\\\/\\\/www.facebook.com\\\/TurngesellschaftSomborn\"]}]}<\/script>\n<!-- \/ Yoast SEO plugin. -->","yoast_head_json":{"title":"Herzlich Willkommen... | Turngesellschaft 1888 e.V. Somborn","description":"Unser sportliches Angebot richtet sich an die ganze Familie. Egal ob Eltern-Kind-Turnen, Gymnastik f\u00fcr hochaltrige Menschen mit Bewegungseinschr\u00e4nkungen oder Reha-Sport.Wir bieten hier ein modernes und stets aktualisiertes Forum f\u00fcr unsere Mitglieder und f\u00fcr die, die es noch werden wollen.","robots":{"index":"index","follow":"follow","max-snippet":"max-snippet:-1","max-image-preview":"max-image-preview:large","max-video-preview":"max-video-preview:-1"},"canonical":"https:\/\/www.tgs-somborn.de\/start\/","og_locale":"de_DE","og_type":"article","og_title":"Herzlich Willkommen... | Turngesellschaft 1888 e.V. Somborn","og_description":"Unser sportliches Angebot richtet sich an die ganze Familie. Egal ob Eltern-Kind-Turnen, Gymnastik f\u00fcr hochaltrige Menschen mit Bewegungseinschr\u00e4nkungen oder Reha-Sport.Wir bieten hier ein modernes und stets aktualisiertes Forum f\u00fcr unsere Mitglieder und f\u00fcr die, die es noch werden wollen.","og_url":"https:\/\/www.tgs-somborn.de\/start\/","og_site_name":"Turngesellschaft 1888 e.V. Somborn","article_publisher":"http:\/\/www.facebook.com\/TurngesellschaftSomborn","article_modified_time":"2026-01-21T16:17:11+00:00","twitter_card":"summary_large_image","twitter_misc":{"Gesch\u00e4tzte Lesezeit":"1\u00a0Minute"},"schema":{"@context":"https:\/\/schema.org","@graph":[{"@type":"WebPage","@id":"https:\/\/www.tgs-somborn.de\/start\/","url":"https:\/\/www.tgs-somborn.de\/start\/","name":"Herzlich Willkommen... | Turngesellschaft 1888 e.V. Somborn","isPartOf":{"@id":"https:\/\/www.tgs-somborn.de\/start\/#website"},"datePublished":"2018-01-29T13:21:24+00:00","dateModified":"2026-01-21T16:17:11+00:00","description":"Unser sportliches Angebot richtet sich an die ganze Familie. Egal ob Eltern-Kind-Turnen, Gymnastik f\u00fcr hochaltrige Menschen mit Bewegungseinschr\u00e4nkungen oder Reha-Sport.Wir bieten hier ein modernes und stets aktualisiertes Forum f\u00fcr unsere Mitglieder und f\u00fcr die, die es noch werden wollen.","breadcrumb":{"@id":"https:\/\/www.tgs-somborn.de\/start\/#breadcrumb"},"inLanguage":"de","potentialAction":[{"@type":"ReadAction","target":["https:\/\/www.tgs-somborn.de\/start\/"]}]},{"@type":"BreadcrumbList","@id":"https:\/\/www.tgs-somborn.de\/start\/#breadcrumb","itemListElement":[{"@type":"ListItem","position":1,"name":"Startseite","item":"https:\/\/www.tgs-somborn.de\/start\/"},{"@type":"ListItem","position":2,"name":"Herzlich Willkommen&#8230;"}]},{"@type":"WebSite","@id":"https:\/\/www.tgs-somborn.de\/start\/#website","url":"https:\/\/www.tgs-somborn.de\/start\/","name":"Turngesellschaft 1888 e.V. Somborn","description":"Der Verein f\u00fcr die ganze Familie","publisher":{"@id":"https:\/\/www.tgs-somborn.de\/start\/#organization"},"potentialAction":[{"@type":"SearchAction","target":{"@type":"EntryPoint","urlTemplate":"https:\/\/www.tgs-somborn.de\/start\/?s={search_term_string}"},"query-input":{"@type":"PropertyValueSpecification","valueRequired":true,"valueName":"search_term_string"}}],"inLanguage":"de"},{"@type":"Organization","@id":"https:\/\/www.tgs-somborn.de\/start\/#organization","name":"Turngesellschaft 1888 e. V. Somborn","url":"https:\/\/www.tgs-somborn.de\/start\/","logo":{"@type":"ImageObject","inLanguage":"de","@id":"https:\/\/www.tgs-somborn.de\/start\/#\/schema\/logo\/image\/","url":"https:\/\/i0.wp.com\/www.tgs-somborn.de\/start\/wp-content\/uploads\/2018\/01\/cropped-tgs_wappen-1.gif?fit=198%2C243&ssl=1","contentUrl":"https:\/\/i0.wp.com\/www.tgs-somborn.de\/start\/wp-content\/uploads\/2018\/01\/cropped-tgs_wappen-1.gif?fit=198%2C243&ssl=1","width":198,"height":243,"caption":"Turngesellschaft 1888 e. V. Somborn"},"image":{"@id":"https:\/\/www.tgs-somborn.de\/start\/#\/schema\/logo\/image\/"},"sameAs":["http:\/\/www.facebook.com\/TurngesellschaftSomborn"]}]}},"jetpack_shortlink":"https:\/\/wp.me\/P9Nob7-6","jetpack-related-posts":[{"id":18,"url":"https:\/\/www.tgs-somborn.de\/start\/ueber-uns\/","url_meta":{"origin":6,"position":0},"title":"\u00dcber uns","author":"J\u00f6rg Zipf","date":"15. M\u00e4rz 2018","format":false,"excerpt":"Wer sind wir? Im Jahr 1888 gegr\u00fcndet, versuchen wir, Tradition mit einem modernen Sportangebot und Vereinsleben zu verbinden. In unserer eigenen Vereinsturnhalle wird sowohl Freizeit- und Breiten- als auch Leistungssport angeboten. Dabei konzentrieren wir uns als gesunder \u201eEinspartenverein\u201c auf das Turnen in all seiner Vielfalt. Neben dem traditionellen Ger\u00e4tturnen bieten\u2026","rel":"","context":"\u00c4hnlicher Beitrag","block_context":{"text":"\u00c4hnlicher Beitrag","link":""},"img":{"alt_text":"","src":"","width":0,"height":0},"classes":[]},{"id":152,"url":"https:\/\/www.tgs-somborn.de\/start\/datenschutz\/","url_meta":{"origin":6,"position":1},"title":"Datenschutz","author":"J\u00f6rg Zipf","date":"3. August 2018","format":false,"excerpt":"Datenschutzerkl\u00e4rung Einleitung Mit der folgenden Datenschutzerkl\u00e4rung m\u00f6chten wir Sie dar\u00fcber aufkl\u00e4ren, welche Arten Ihrer personenbezogenen Daten (nachfolgend auch kurz als \"Daten\u201c bezeichnet) wir zu welchen Zwecken und in welchem Umfang verarbeiten. Die Datenschutzerkl\u00e4rung gilt f\u00fcr alle von uns durchgef\u00fchrten Verarbeitungen personenbezogener Daten, sowohl im Rahmen der Erbringung unserer Leistungen als\u2026","rel":"","context":"\u00c4hnlicher Beitrag","block_context":{"text":"\u00c4hnlicher Beitrag","link":""},"img":{"alt_text":"","src":"","width":0,"height":0},"classes":[]},{"id":23,"url":"https:\/\/www.tgs-somborn.de\/start\/was-wann-wo\/","url_meta":{"origin":6,"position":2},"title":"Was Wann Wo","author":"J\u00f6rg Zipf","date":"15. M\u00e4rz 2018","format":false,"excerpt":"Hallenbelegungsplan, Termine, Kurse und mehr Hier und auf den Unterseiten finden Sie unser aktuelles Angebot f\u00fcr Gro\u00df und Klein, Jung und Alt. Hallenbelegungsplan Dem Hallenbelegungsplan k\u00f6nnen Sie entnehmen, was wir an den verschiedenen Wochentagen anbieten. Hier gehts zu den Angeboten. \u00a0","rel":"","context":"\u00c4hnlicher Beitrag","block_context":{"text":"\u00c4hnlicher Beitrag","link":""},"img":{"alt_text":"","src":"","width":0,"height":0},"classes":[]},{"id":102,"url":"https:\/\/www.tgs-somborn.de\/start\/mitgliederservice\/","url_meta":{"origin":6,"position":3},"title":"Mitgliederservice","author":"J\u00f6rg Zipf","date":"22. April 2018","format":false,"excerpt":"Wichtige Infos f\u00fcr Mitglieder oder die, die es noch werden wollen Auf den folgenden Unterseiten finden Sie wichtige Informationen zu unseren Beitragss\u00e4tzen, wichtige Formulare und unsere Satzung. Achtung!!! Aus rechtlichen Gr\u00fcnden nehmen wir keine K\u00fcndigung der Mitgliedschaft per E-Mail an. Bitte schicken sie diese immer schriftlich an unsere Gesch\u00e4ftsstelle (Josefstra\u00dfe\u2026","rel":"","context":"\u00c4hnlicher Beitrag","block_context":{"text":"\u00c4hnlicher Beitrag","link":""},"img":{"alt_text":"","src":"","width":0,"height":0},"classes":[]},{"id":35,"url":"https:\/\/www.tgs-somborn.de\/start\/kindermaskenball\/","url_meta":{"origin":6,"position":4},"title":"Kindermaskenball","author":"J\u00f6rg Zipf","date":"15. M\u00e4rz 2018","format":false,"excerpt":"Endlich ist es wieder soweit! Die TGS feiert Kinderfasching mit Gro\u00df und Klein in der geschm\u00fcckten Turnhalle. Wir freuen uns auf alle Piraten, Hexen, Clowns und was euch sonst noch an Kost\u00fcmen einf\u00e4llt \u2013 egal ob Mitglied im Verein oder nicht. Wann:\u00a0 \u00a0 \u00a0 Sonntag, den 15.02.2026 Wo:\u00a0 \u00a0 \u00a0\u2026","rel":"","context":"\u00c4hnlicher Beitrag","block_context":{"text":"\u00c4hnlicher Beitrag","link":""},"img":{"alt_text":"Kinderfasching Banner","src":"https:\/\/i0.wp.com\/www.tgs-somborn.de\/start\/wp-content\/uploads\/2019\/02\/Kinderfasching_Banner_HP.png?fit=1200%2C437&ssl=1&resize=350%2C200","width":350,"height":200,"srcset":"https:\/\/i0.wp.com\/www.tgs-somborn.de\/start\/wp-content\/uploads\/2019\/02\/Kinderfasching_Banner_HP.png?fit=1200%2C437&ssl=1&resize=350%2C200 1x, https:\/\/i0.wp.com\/www.tgs-somborn.de\/start\/wp-content\/uploads\/2019\/02\/Kinderfasching_Banner_HP.png?fit=1200%2C437&ssl=1&resize=525%2C300 1.5x, https:\/\/i0.wp.com\/www.tgs-somborn.de\/start\/wp-content\/uploads\/2019\/02\/Kinderfasching_Banner_HP.png?fit=1200%2C437&ssl=1&resize=700%2C400 2x, https:\/\/i0.wp.com\/www.tgs-somborn.de\/start\/wp-content\/uploads\/2019\/02\/Kinderfasching_Banner_HP.png?fit=1200%2C437&ssl=1&resize=1050%2C600 3x"},"classes":[]},{"id":324,"url":"https:\/\/www.tgs-somborn.de\/start\/angebote\/","url_meta":{"origin":6,"position":5},"title":"Angebote","author":"J\u00f6rg Zipf","date":"1. Februar 2019","format":false,"excerpt":"Unser Angebot f\u00fcr Sie Ob Kinderturnen, Eltern-Kind-Turnen, Wirbels\u00e4ulengymnastik, Tanzen, M\u00e4nnergymnastik oder sogar Reha-Sport, wir bieten f\u00fcr die ganze Familie das passende an. Bei unseren ausgezeichneten Angeboten finden Sie au\u00dferdem von den Sportverb\u00e4nden zertifizierte Angebote. Alle unsere Angebote finden Sie in unserem Hallenbelegungsplan.","rel":"","context":"\u00c4hnlicher Beitrag","block_context":{"text":"\u00c4hnlicher Beitrag","link":""},"img":{"alt_text":"","src":"","width":0,"height":0},"classes":[]}],"jetpack_sharing_enabled":false,"_links":{"self":[{"href":"https:\/\/www.tgs-somborn.de\/start\/wp-json\/wp\/v2\/pages\/6","targetHints":{"allow":["GET"]}}],"collection":[{"href":"https:\/\/www.tgs-somborn.de\/start\/wp-json\/wp\/v2\/pages"}],"about":[{"href":"https:\/\/www.tgs-somborn.de\/start\/wp-json\/wp\/v2\/types\/page"}],"author":[{"embeddable":true,"href":"https:\/\/www.tgs-somborn.de\/start\/wp-json\/wp\/v2\/users\/1"}],"replies":[{"embeddable":true,"href":"https:\/\/www.tgs-somborn.de\/start\/wp-json\/wp\/v2\/comments?post=6"}],"version-history":[{"count":36,"href":"https:\/\/www.tgs-somborn.de\/start\/wp-json\/wp\/v2\/pages\/6\/revisions"}],"predecessor-version":[{"id":1260,"href":"https:\/\/www.tgs-somborn.de\/start\/wp-json\/wp\/v2\/pages\/6\/revisions\/1260"}],"wp:attachment":[{"href":"https:\/\/www.tgs-somborn.de\/start\/wp-json\/wp\/v2\/media?parent=6"}],"curies":[{"name":"wp","href":"https:\/\/api.w.org\/{rel}","templated":true}]}}