{"id":25,"date":"2018-03-15T21:59:33","date_gmt":"2018-03-15T19:59:33","guid":{"rendered":"http:\/\/tgs-somborn.de\/start\/?page_id=25"},"modified":"2023-02-10T17:34:04","modified_gmt":"2023-02-10T16:34:04","slug":"ausgezeichnete-angebote","status":"publish","type":"page","link":"https:\/\/www.tgs-somborn.de\/start\/ausgezeichnete-angebote\/","title":{"rendered":"Ausgezeichnete Angebote"},"content":{"rendered":"<h2>Angebote mit &#8222;G\u00fctesiegel&#8220;<\/h2>\n<hr \/>\n<p>Verschiedene Angebote unseres Vereins wurden durch den DTB mit dem &#8222;Pluspunkt Gesundheit&#8220; und durch den Landessportbund Hessen ausgezeichnet. Diese Auszeichnung wird in regelm\u00e4\u00dfigen Abst\u00e4nden durch die Verb\u00e4nde \u00fcberpr\u00fcft und neu vergeben.<\/p>\n<p><img data-recalc-dims=\"1\" loading=\"lazy\" decoding=\"async\" data-attachment-id=\"89\" data-permalink=\"https:\/\/www.tgs-somborn.de\/start\/ausgezeichnete-angebote\/gu%cc%88teprogesund\/#main\" data-orig-file=\"https:\/\/i0.wp.com\/www.tgs-somborn.de\/start\/wp-content\/uploads\/2018\/04\/Gu%CC%88teProGesund.jpg?fit=811%2C772&amp;ssl=1\" data-orig-size=\"811,772\" data-comments-opened=\"1\" data-image-meta=\"{&quot;aperture&quot;:&quot;0&quot;,&quot;credit&quot;:&quot;&quot;,&quot;camera&quot;:&quot;&quot;,&quot;caption&quot;:&quot;&quot;,&quot;created_timestamp&quot;:&quot;0&quot;,&quot;copyright&quot;:&quot;&quot;,&quot;focal_length&quot;:&quot;0&quot;,&quot;iso&quot;:&quot;0&quot;,&quot;shutter_speed&quot;:&quot;0&quot;,&quot;title&quot;:&quot;&quot;,&quot;orientation&quot;:&quot;0&quot;}\" data-image-title=\"G\u00fctesigel Sport pro Gesundheit Deutscher Sportbund\" data-image-description=\"\" data-image-caption=\"\" data-large-file=\"https:\/\/i0.wp.com\/www.tgs-somborn.de\/start\/wp-content\/uploads\/2018\/04\/Gu%CC%88teProGesund.jpg?fit=811%2C772&amp;ssl=1\" class=\"wp-image-89 size-thumbnail alignnone\" src=\"https:\/\/i0.wp.com\/www.tgs-somborn.de\/start\/wp-content\/uploads\/2018\/04\/Gu%CC%88teProGesund.jpg?resize=150%2C150&#038;ssl=1\" alt=\"G\u00fctesigel Sport pro Gesundheit Deutscher Sportbund\" width=\"150\" height=\"150\" srcset=\"https:\/\/i0.wp.com\/www.tgs-somborn.de\/start\/wp-content\/uploads\/2018\/04\/Gu%CC%88teProGesund.jpg?resize=150%2C150&amp;ssl=1 150w, https:\/\/i0.wp.com\/www.tgs-somborn.de\/start\/wp-content\/uploads\/2018\/04\/Gu%CC%88teProGesund.jpg?resize=1%2C1&amp;ssl=1 1w, https:\/\/i0.wp.com\/www.tgs-somborn.de\/start\/wp-content\/uploads\/2018\/04\/Gu%CC%88teProGesund.jpg?zoom=2&amp;resize=150%2C150&amp;ssl=1 300w, https:\/\/i0.wp.com\/www.tgs-somborn.de\/start\/wp-content\/uploads\/2018\/04\/Gu%CC%88teProGesund.jpg?zoom=3&amp;resize=150%2C150&amp;ssl=1 450w\" sizes=\"auto, (max-width: 150px) 100vw, 150px\" \/>\u00a0 \u00a0<img data-recalc-dims=\"1\" loading=\"lazy\" decoding=\"async\" data-attachment-id=\"482\" data-permalink=\"https:\/\/www.tgs-somborn.de\/start\/ausgezeichnete-angebote\/pluspunkt-gesundheit-l-titel-2019\/#main\" data-orig-file=\"https:\/\/i0.wp.com\/www.tgs-somborn.de\/start\/wp-content\/uploads\/2020\/08\/pluspunkt-gesundheit-l-titel-2019.png?fit=400%2C100&amp;ssl=1\" data-orig-size=\"400,100\" data-comments-opened=\"1\" data-image-meta=\"{&quot;aperture&quot;:&quot;0&quot;,&quot;credit&quot;:&quot;&quot;,&quot;camera&quot;:&quot;&quot;,&quot;caption&quot;:&quot;&quot;,&quot;created_timestamp&quot;:&quot;0&quot;,&quot;copyright&quot;:&quot;&quot;,&quot;focal_length&quot;:&quot;0&quot;,&quot;iso&quot;:&quot;0&quot;,&quot;shutter_speed&quot;:&quot;0&quot;,&quot;title&quot;:&quot;&quot;,&quot;orientation&quot;:&quot;0&quot;}\" data-image-title=\"Pluspunkt Gesundheit 2019 Titel\" data-image-description=\"\" data-image-caption=\"\" data-large-file=\"https:\/\/i0.wp.com\/www.tgs-somborn.de\/start\/wp-content\/uploads\/2020\/08\/pluspunkt-gesundheit-l-titel-2019.png?fit=400%2C100&amp;ssl=1\" class=\"alignnone wp-image-482 size-full\" src=\"https:\/\/i0.wp.com\/www.tgs-somborn.de\/start\/wp-content\/uploads\/2020\/08\/pluspunkt-gesundheit-l-titel-2019.png?resize=400%2C100&#038;ssl=1\" alt=\"Pluspunkt Gesundheit 2019 Titel\" width=\"400\" height=\"100\" srcset=\"https:\/\/i0.wp.com\/www.tgs-somborn.de\/start\/wp-content\/uploads\/2020\/08\/pluspunkt-gesundheit-l-titel-2019.png?w=400&amp;ssl=1 400w, https:\/\/i0.wp.com\/www.tgs-somborn.de\/start\/wp-content\/uploads\/2020\/08\/pluspunkt-gesundheit-l-titel-2019.png?resize=300%2C75&amp;ssl=1 300w\" sizes=\"auto, (max-width: 400px) 100vw, 400px\" \/><\/p>\n<hr \/>\n<h3>Montag<\/h3>\n<p>17:30 \u2013 19:30<br \/>\n<b>Krebsnachsorgegymnastik **<br \/>\n<\/b>\u00dcbungsleiterin: Sigrid Blaich-Horn<br \/>\n(Mehrzweckhalle Altenmittlau)<\/p>\n<p>19:30 &#8211; 20:30<br \/>\n<b>Rehabilitationssport, gemischte Gruppe **<br \/>\n<\/b>\u00dcbungsleiterin:\u00a0Sigrid Blaich-Horn<br \/>\n(Mehrzweckhalle Altenmittlau)<\/p>\n<hr \/>\n<h3>Dienstag<\/h3>\n<p>10:00 \u2013 11:30<br \/>\n<b>Rehabilitationssport, mit St\u00fchlen **<br \/>\n<\/b>\u00dcbungsleiterin:\u00a0Sigrid Blaich-Horn<\/p>\n<p>14:00 \u2013 15:45<br \/>\n<b>Krebsnachsorgegymnastik **<br \/>\n<\/b>\u00dcbungsleiterin: Sigrid Blaich-Horn<\/p>\n<p>19:00 \u2013 20:00<br \/>\n<b>Body-Fit *<\/b><br \/>\nFunktionsgymnastik f\u00fcr Frauen<br \/>\n\u00dcbungsleiterin:\u00a0Petra Reu\u00dfwig<\/p>\n<p>20:00 \u2013 21:00<br \/>\n<b>Body-Fit <\/b>*<br \/>\nFunktionsgymnastik f\u00fcr Frauen und M\u00e4nner<br \/>\n\u00dcbungsleiterin: Petra Reu\u00dfwig<\/p>\n<hr \/>\n<h3>Mittwoch<\/h3>\n<p>18:00 \u2013 19:00<br \/>\n<b>Wirbels\u00e4ulengymnastik\u00a0*<br \/>\n<\/b>\u00dcbungsleiterin: Steffi Unger<\/p>\n<p>19:00 \u2013 20:00<br \/>\n<b>Wirbels\u00e4ulengymnastik\u00a0*<br \/>\n<\/b>\u00dcbungsleiterin: Steffi Unger<\/p>\n<p>20:00 \u2013 20:45<br \/>\n<b>Rehabilitationssport, gemischte Gruppe **<br \/>\n<\/b>\u00dcbungsleiterin:\u00a0Sigrid Blaich-Horn<\/p>\n<hr \/>\n<h3>Donnerstag<\/h3>\n<p>19:00 &#8211; 19:45<br \/>\n<b>Cardio-Mix *<br \/>\n<\/b>\u00dcbungsleiterin: Sonja Seikel \/ Ann-Kathrin Kraut<\/p>\n<hr \/>\n<p><em>* DTB G\u00fctesiegel Sport pro Gesundheit sowie Pluspunkt Gesundheit<\/em><br \/>\n<em>** HBRS-Zertifikat anerkannte Rehasportgruppe<\/em><\/p>\n","protected":false},"excerpt":{"rendered":"<p>Angebote mit &#8222;G\u00fctesiegel&#8220; Verschiedene Angebote unseres Vereins wurden durch den DTB mit dem &#8222;Pluspunkt Gesundheit&#8220; und durch den Landessportbund Hessen ausgezeichnet. Diese Auszeichnung wird in regelm\u00e4\u00dfigen Abst\u00e4nden durch die Verb\u00e4nde \u00fcberpr\u00fcft und neu vergeben. \u00a0 \u00a0 Montag 17:30 \u2013 19:30 Krebsnachsorgegymnastik ** \u00dcbungsleiterin: Sigrid Blaich-Horn (Mehrzweckhalle Altenmittlau) 19:30 &#8211; 20:30 Rehabilitationssport, gemischte Gruppe ** \u00dcbungsleiterin:\u00a0Sigrid &#8230; <a title=\"Ausgezeichnete Angebote\" class=\"read-more\" href=\"https:\/\/www.tgs-somborn.de\/start\/ausgezeichnete-angebote\/\" aria-label=\"Mehr Informationen \u00fcber Ausgezeichnete Angebote\">Weiterlesen<\/a><\/p>\n","protected":false},"author":1,"featured_media":0,"parent":0,"menu_order":0,"comment_status":"closed","ping_status":"closed","template":"","meta":{"footnotes":""},"class_list":["post-25","page","type-page","status-publish"],"yoast_head":"<!-- This site is optimized with the Yoast SEO plugin v27.5 - https:\/\/yoast.com\/product\/yoast-seo-wordpress\/ -->\n<title>Ausgezeichnete Angebote | Turngesellschaft 1888 e.V. Somborn<\/title>\n<meta name=\"robots\" content=\"index, follow, max-snippet:-1, max-image-preview:large, max-video-preview:-1\" \/>\n<link rel=\"canonical\" href=\"https:\/\/www.tgs-somborn.de\/start\/ausgezeichnete-angebote\/\" \/>\n<meta property=\"og:locale\" content=\"de_DE\" \/>\n<meta property=\"og:type\" content=\"article\" \/>\n<meta property=\"og:title\" content=\"Ausgezeichnete Angebote | Turngesellschaft 1888 e.V. Somborn\" \/>\n<meta property=\"og:description\" content=\"Angebote mit &#8222;G\u00fctesiegel&#8220; Verschiedene Angebote unseres Vereins wurden durch den DTB mit dem &#8222;Pluspunkt Gesundheit&#8220; und durch den Landessportbund Hessen ausgezeichnet. Diese Auszeichnung wird in regelm\u00e4\u00dfigen Abst\u00e4nden durch die Verb\u00e4nde \u00fcberpr\u00fcft und neu vergeben. \u00a0 \u00a0 Montag 17:30 \u2013 19:30 Krebsnachsorgegymnastik ** \u00dcbungsleiterin: Sigrid Blaich-Horn (Mehrzweckhalle Altenmittlau) 19:30 &#8211; 20:30 Rehabilitationssport, gemischte Gruppe ** \u00dcbungsleiterin:\u00a0Sigrid ... Weiterlesen\" \/>\n<meta property=\"og:url\" content=\"https:\/\/www.tgs-somborn.de\/start\/ausgezeichnete-angebote\/\" \/>\n<meta property=\"og:site_name\" content=\"Turngesellschaft 1888 e.V. Somborn\" \/>\n<meta property=\"article:publisher\" content=\"http:\/\/www.facebook.com\/TurngesellschaftSomborn\" \/>\n<meta property=\"article:modified_time\" content=\"2023-02-10T16:34:04+00:00\" \/>\n<meta property=\"og:image\" content=\"https:\/\/www.tgs-somborn.de\/start\/wp-content\/uploads\/2020\/08\/pluspunkt-gesundheit-l-titel-2019.png\" \/>\n<meta name=\"twitter:card\" content=\"summary_large_image\" \/>\n<meta name=\"twitter:label1\" content=\"Gesch\u00e4tzte Lesezeit\" \/>\n\t<meta name=\"twitter:data1\" content=\"2\u00a0Minuten\" \/>\n<script type=\"application\/ld+json\" class=\"yoast-schema-graph\">{\"@context\":\"https:\\\/\\\/schema.org\",\"@graph\":[{\"@type\":\"WebPage\",\"@id\":\"https:\\\/\\\/www.tgs-somborn.de\\\/start\\\/ausgezeichnete-angebote\\\/\",\"url\":\"https:\\\/\\\/www.tgs-somborn.de\\\/start\\\/ausgezeichnete-angebote\\\/\",\"name\":\"Ausgezeichnete Angebote | Turngesellschaft 1888 e.V. Somborn\",\"isPartOf\":{\"@id\":\"https:\\\/\\\/www.tgs-somborn.de\\\/start\\\/#website\"},\"primaryImageOfPage\":{\"@id\":\"https:\\\/\\\/www.tgs-somborn.de\\\/start\\\/ausgezeichnete-angebote\\\/#primaryimage\"},\"image\":{\"@id\":\"https:\\\/\\\/www.tgs-somborn.de\\\/start\\\/ausgezeichnete-angebote\\\/#primaryimage\"},\"thumbnailUrl\":\"https:\\\/\\\/www.tgs-somborn.de\\\/start\\\/wp-content\\\/uploads\\\/2020\\\/08\\\/pluspunkt-gesundheit-l-titel-2019.png\",\"datePublished\":\"2018-03-15T19:59:33+00:00\",\"dateModified\":\"2023-02-10T16:34:04+00:00\",\"breadcrumb\":{\"@id\":\"https:\\\/\\\/www.tgs-somborn.de\\\/start\\\/ausgezeichnete-angebote\\\/#breadcrumb\"},\"inLanguage\":\"de\",\"potentialAction\":[{\"@type\":\"ReadAction\",\"target\":[\"https:\\\/\\\/www.tgs-somborn.de\\\/start\\\/ausgezeichnete-angebote\\\/\"]}]},{\"@type\":\"ImageObject\",\"inLanguage\":\"de\",\"@id\":\"https:\\\/\\\/www.tgs-somborn.de\\\/start\\\/ausgezeichnete-angebote\\\/#primaryimage\",\"url\":\"https:\\\/\\\/i0.wp.com\\\/www.tgs-somborn.de\\\/start\\\/wp-content\\\/uploads\\\/2020\\\/08\\\/pluspunkt-gesundheit-l-titel-2019.png?fit=400%2C100&ssl=1\",\"contentUrl\":\"https:\\\/\\\/i0.wp.com\\\/www.tgs-somborn.de\\\/start\\\/wp-content\\\/uploads\\\/2020\\\/08\\\/pluspunkt-gesundheit-l-titel-2019.png?fit=400%2C100&ssl=1\",\"width\":400,\"height\":100,\"caption\":\"Pluspunkt Gesundheit 2019 Titel\"},{\"@type\":\"BreadcrumbList\",\"@id\":\"https:\\\/\\\/www.tgs-somborn.de\\\/start\\\/ausgezeichnete-angebote\\\/#breadcrumb\",\"itemListElement\":[{\"@type\":\"ListItem\",\"position\":1,\"name\":\"Startseite\",\"item\":\"https:\\\/\\\/www.tgs-somborn.de\\\/start\\\/\"},{\"@type\":\"ListItem\",\"position\":2,\"name\":\"Ausgezeichnete Angebote\"}]},{\"@type\":\"WebSite\",\"@id\":\"https:\\\/\\\/www.tgs-somborn.de\\\/start\\\/#website\",\"url\":\"https:\\\/\\\/www.tgs-somborn.de\\\/start\\\/\",\"name\":\"Turngesellschaft 1888 e.V. Somborn\",\"description\":\"Der Verein f\u00fcr die ganze Familie\",\"publisher\":{\"@id\":\"https:\\\/\\\/www.tgs-somborn.de\\\/start\\\/#organization\"},\"potentialAction\":[{\"@type\":\"SearchAction\",\"target\":{\"@type\":\"EntryPoint\",\"urlTemplate\":\"https:\\\/\\\/www.tgs-somborn.de\\\/start\\\/?s={search_term_string}\"},\"query-input\":{\"@type\":\"PropertyValueSpecification\",\"valueRequired\":true,\"valueName\":\"search_term_string\"}}],\"inLanguage\":\"de\"},{\"@type\":\"Organization\",\"@id\":\"https:\\\/\\\/www.tgs-somborn.de\\\/start\\\/#organization\",\"name\":\"Turngesellschaft 1888 e. V. Somborn\",\"url\":\"https:\\\/\\\/www.tgs-somborn.de\\\/start\\\/\",\"logo\":{\"@type\":\"ImageObject\",\"inLanguage\":\"de\",\"@id\":\"https:\\\/\\\/www.tgs-somborn.de\\\/start\\\/#\\\/schema\\\/logo\\\/image\\\/\",\"url\":\"https:\\\/\\\/i0.wp.com\\\/www.tgs-somborn.de\\\/start\\\/wp-content\\\/uploads\\\/2018\\\/01\\\/cropped-tgs_wappen-1.gif?fit=198%2C243&ssl=1\",\"contentUrl\":\"https:\\\/\\\/i0.wp.com\\\/www.tgs-somborn.de\\\/start\\\/wp-content\\\/uploads\\\/2018\\\/01\\\/cropped-tgs_wappen-1.gif?fit=198%2C243&ssl=1\",\"width\":198,\"height\":243,\"caption\":\"Turngesellschaft 1888 e. V. Somborn\"},\"image\":{\"@id\":\"https:\\\/\\\/www.tgs-somborn.de\\\/start\\\/#\\\/schema\\\/logo\\\/image\\\/\"},\"sameAs\":[\"http:\\\/\\\/www.facebook.com\\\/TurngesellschaftSomborn\"]}]}<\/script>\n<!-- \/ Yoast SEO plugin. -->","yoast_head_json":{"title":"Ausgezeichnete Angebote | Turngesellschaft 1888 e.V. Somborn","robots":{"index":"index","follow":"follow","max-snippet":"max-snippet:-1","max-image-preview":"max-image-preview:large","max-video-preview":"max-video-preview:-1"},"canonical":"https:\/\/www.tgs-somborn.de\/start\/ausgezeichnete-angebote\/","og_locale":"de_DE","og_type":"article","og_title":"Ausgezeichnete Angebote | Turngesellschaft 1888 e.V. Somborn","og_description":"Angebote mit &#8222;G\u00fctesiegel&#8220; Verschiedene Angebote unseres Vereins wurden durch den DTB mit dem &#8222;Pluspunkt Gesundheit&#8220; und durch den Landessportbund Hessen ausgezeichnet. Diese Auszeichnung wird in regelm\u00e4\u00dfigen Abst\u00e4nden durch die Verb\u00e4nde \u00fcberpr\u00fcft und neu vergeben. \u00a0 \u00a0 Montag 17:30 \u2013 19:30 Krebsnachsorgegymnastik ** \u00dcbungsleiterin: Sigrid Blaich-Horn (Mehrzweckhalle Altenmittlau) 19:30 &#8211; 20:30 Rehabilitationssport, gemischte Gruppe ** \u00dcbungsleiterin:\u00a0Sigrid ... Weiterlesen","og_url":"https:\/\/www.tgs-somborn.de\/start\/ausgezeichnete-angebote\/","og_site_name":"Turngesellschaft 1888 e.V. Somborn","article_publisher":"http:\/\/www.facebook.com\/TurngesellschaftSomborn","article_modified_time":"2023-02-10T16:34:04+00:00","og_image":[{"url":"https:\/\/www.tgs-somborn.de\/start\/wp-content\/uploads\/2020\/08\/pluspunkt-gesundheit-l-titel-2019.png","type":"","width":"","height":""}],"twitter_card":"summary_large_image","twitter_misc":{"Gesch\u00e4tzte Lesezeit":"2\u00a0Minuten"},"schema":{"@context":"https:\/\/schema.org","@graph":[{"@type":"WebPage","@id":"https:\/\/www.tgs-somborn.de\/start\/ausgezeichnete-angebote\/","url":"https:\/\/www.tgs-somborn.de\/start\/ausgezeichnete-angebote\/","name":"Ausgezeichnete Angebote | Turngesellschaft 1888 e.V. Somborn","isPartOf":{"@id":"https:\/\/www.tgs-somborn.de\/start\/#website"},"primaryImageOfPage":{"@id":"https:\/\/www.tgs-somborn.de\/start\/ausgezeichnete-angebote\/#primaryimage"},"image":{"@id":"https:\/\/www.tgs-somborn.de\/start\/ausgezeichnete-angebote\/#primaryimage"},"thumbnailUrl":"https:\/\/www.tgs-somborn.de\/start\/wp-content\/uploads\/2020\/08\/pluspunkt-gesundheit-l-titel-2019.png","datePublished":"2018-03-15T19:59:33+00:00","dateModified":"2023-02-10T16:34:04+00:00","breadcrumb":{"@id":"https:\/\/www.tgs-somborn.de\/start\/ausgezeichnete-angebote\/#breadcrumb"},"inLanguage":"de","potentialAction":[{"@type":"ReadAction","target":["https:\/\/www.tgs-somborn.de\/start\/ausgezeichnete-angebote\/"]}]},{"@type":"ImageObject","inLanguage":"de","@id":"https:\/\/www.tgs-somborn.de\/start\/ausgezeichnete-angebote\/#primaryimage","url":"https:\/\/i0.wp.com\/www.tgs-somborn.de\/start\/wp-content\/uploads\/2020\/08\/pluspunkt-gesundheit-l-titel-2019.png?fit=400%2C100&ssl=1","contentUrl":"https:\/\/i0.wp.com\/www.tgs-somborn.de\/start\/wp-content\/uploads\/2020\/08\/pluspunkt-gesundheit-l-titel-2019.png?fit=400%2C100&ssl=1","width":400,"height":100,"caption":"Pluspunkt Gesundheit 2019 Titel"},{"@type":"BreadcrumbList","@id":"https:\/\/www.tgs-somborn.de\/start\/ausgezeichnete-angebote\/#breadcrumb","itemListElement":[{"@type":"ListItem","position":1,"name":"Startseite","item":"https:\/\/www.tgs-somborn.de\/start\/"},{"@type":"ListItem","position":2,"name":"Ausgezeichnete Angebote"}]},{"@type":"WebSite","@id":"https:\/\/www.tgs-somborn.de\/start\/#website","url":"https:\/\/www.tgs-somborn.de\/start\/","name":"Turngesellschaft 1888 e.V. Somborn","description":"Der Verein f\u00fcr die ganze Familie","publisher":{"@id":"https:\/\/www.tgs-somborn.de\/start\/#organization"},"potentialAction":[{"@type":"SearchAction","target":{"@type":"EntryPoint","urlTemplate":"https:\/\/www.tgs-somborn.de\/start\/?s={search_term_string}"},"query-input":{"@type":"PropertyValueSpecification","valueRequired":true,"valueName":"search_term_string"}}],"inLanguage":"de"},{"@type":"Organization","@id":"https:\/\/www.tgs-somborn.de\/start\/#organization","name":"Turngesellschaft 1888 e. V. Somborn","url":"https:\/\/www.tgs-somborn.de\/start\/","logo":{"@type":"ImageObject","inLanguage":"de","@id":"https:\/\/www.tgs-somborn.de\/start\/#\/schema\/logo\/image\/","url":"https:\/\/i0.wp.com\/www.tgs-somborn.de\/start\/wp-content\/uploads\/2018\/01\/cropped-tgs_wappen-1.gif?fit=198%2C243&ssl=1","contentUrl":"https:\/\/i0.wp.com\/www.tgs-somborn.de\/start\/wp-content\/uploads\/2018\/01\/cropped-tgs_wappen-1.gif?fit=198%2C243&ssl=1","width":198,"height":243,"caption":"Turngesellschaft 1888 e. V. Somborn"},"image":{"@id":"https:\/\/www.tgs-somborn.de\/start\/#\/schema\/logo\/image\/"},"sameAs":["http:\/\/www.facebook.com\/TurngesellschaftSomborn"]}]}},"jetpack_shortlink":"https:\/\/wp.me\/P9Nob7-p","jetpack-related-posts":[{"id":18,"url":"https:\/\/www.tgs-somborn.de\/start\/ueber-uns\/","url_meta":{"origin":25,"position":0},"title":"\u00dcber uns","author":"J\u00f6rg Zipf","date":"15. M\u00e4rz 2018","format":false,"excerpt":"Wer sind wir? Im Jahr 1888 gegr\u00fcndet, versuchen wir, Tradition mit einem modernen Sportangebot und Vereinsleben zu verbinden. In unserer eigenen Vereinsturnhalle wird sowohl Freizeit- und Breiten- als auch Leistungssport angeboten. Dabei konzentrieren wir uns als gesunder \u201eEinspartenverein\u201c auf das Turnen in all seiner Vielfalt. Neben dem traditionellen Ger\u00e4tturnen bieten\u2026","rel":"","context":"\u00c4hnlicher Beitrag","block_context":{"text":"\u00c4hnlicher Beitrag","link":""},"img":{"alt_text":"","src":"","width":0,"height":0},"classes":[]},{"id":324,"url":"https:\/\/www.tgs-somborn.de\/start\/angebote\/","url_meta":{"origin":25,"position":1},"title":"Angebote","author":"J\u00f6rg Zipf","date":"1. Februar 2019","format":false,"excerpt":"Unser Angebot f\u00fcr Sie Ob Kinderturnen, Eltern-Kind-Turnen, Wirbels\u00e4ulengymnastik, Tanzen, M\u00e4nnergymnastik oder sogar Reha-Sport, wir bieten f\u00fcr die ganze Familie das passende an. Bei unseren ausgezeichneten Angeboten finden Sie au\u00dferdem von den Sportverb\u00e4nden zertifizierte Angebote. Alle unsere Angebote finden Sie in unserem Hallenbelegungsplan.","rel":"","context":"\u00c4hnlicher Beitrag","block_context":{"text":"\u00c4hnlicher Beitrag","link":""},"img":{"alt_text":"","src":"","width":0,"height":0},"classes":[]},{"id":152,"url":"https:\/\/www.tgs-somborn.de\/start\/datenschutz\/","url_meta":{"origin":25,"position":2},"title":"Datenschutz","author":"J\u00f6rg Zipf","date":"3. August 2018","format":false,"excerpt":"Datenschutzerkl\u00e4rung Einleitung Mit der folgenden Datenschutzerkl\u00e4rung m\u00f6chten wir Sie dar\u00fcber aufkl\u00e4ren, welche Arten Ihrer personenbezogenen Daten (nachfolgend auch kurz als \"Daten\u201c bezeichnet) wir zu welchen Zwecken und in welchem Umfang verarbeiten. Die Datenschutzerkl\u00e4rung gilt f\u00fcr alle von uns durchgef\u00fchrten Verarbeitungen personenbezogener Daten, sowohl im Rahmen der Erbringung unserer Leistungen als\u2026","rel":"","context":"\u00c4hnlicher Beitrag","block_context":{"text":"\u00c4hnlicher Beitrag","link":""},"img":{"alt_text":"","src":"","width":0,"height":0},"classes":[]},{"id":35,"url":"https:\/\/www.tgs-somborn.de\/start\/kindermaskenball\/","url_meta":{"origin":25,"position":3},"title":"Kindermaskenball","author":"J\u00f6rg Zipf","date":"15. M\u00e4rz 2018","format":false,"excerpt":"Endlich ist es wieder soweit! Die TGS feiert Kinderfasching mit Gro\u00df und Klein in der geschm\u00fcckten Turnhalle. Wir freuen uns auf alle Piraten, Hexen, Clowns und was euch sonst noch an Kost\u00fcmen einf\u00e4llt \u2013 egal ob Mitglied im Verein oder nicht. Wann:\u00a0 \u00a0 \u00a0 Sonntag, den 15.02.2026 Wo:\u00a0 \u00a0 \u00a0\u2026","rel":"","context":"\u00c4hnlicher Beitrag","block_context":{"text":"\u00c4hnlicher Beitrag","link":""},"img":{"alt_text":"Kinderfasching Banner","src":"https:\/\/i0.wp.com\/www.tgs-somborn.de\/start\/wp-content\/uploads\/2019\/02\/Kinderfasching_Banner_HP.png?fit=1200%2C437&ssl=1&resize=350%2C200","width":350,"height":200,"srcset":"https:\/\/i0.wp.com\/www.tgs-somborn.de\/start\/wp-content\/uploads\/2019\/02\/Kinderfasching_Banner_HP.png?fit=1200%2C437&ssl=1&resize=350%2C200 1x, https:\/\/i0.wp.com\/www.tgs-somborn.de\/start\/wp-content\/uploads\/2019\/02\/Kinderfasching_Banner_HP.png?fit=1200%2C437&ssl=1&resize=525%2C300 1.5x, https:\/\/i0.wp.com\/www.tgs-somborn.de\/start\/wp-content\/uploads\/2019\/02\/Kinderfasching_Banner_HP.png?fit=1200%2C437&ssl=1&resize=700%2C400 2x, https:\/\/i0.wp.com\/www.tgs-somborn.de\/start\/wp-content\/uploads\/2019\/02\/Kinderfasching_Banner_HP.png?fit=1200%2C437&ssl=1&resize=1050%2C600 3x"},"classes":[]},{"id":6,"url":"https:\/\/www.tgs-somborn.de\/start\/","url_meta":{"origin":25,"position":4},"title":"Herzlich Willkommen&#8230;","author":"J\u00f6rg Zipf","date":"29. Januar 2018","format":false,"excerpt":"...auf der Internetseite der TGS 1888 e. V. Somborn, des gr\u00f6\u00dften und eines der traditionsreichsten Vereine in Freigericht. Unser sportliches Angebot richtet sich an die ganze Familie. Egal ob Eltern-Kind-Turnen, Fitness f\u00fcr jedermann, Gymnastik f\u00fcr hochaltrige Menschen mit und ohne Bewegungseinschr\u00e4nkungen oder Reha-Sport. Wir bieten hier ein modernes und stets\u2026","rel":"","context":"\u00c4hnlicher Beitrag","block_context":{"text":"\u00c4hnlicher Beitrag","link":""},"img":{"alt_text":"","src":"","width":0,"height":0},"classes":[]},{"id":23,"url":"https:\/\/www.tgs-somborn.de\/start\/was-wann-wo\/","url_meta":{"origin":25,"position":5},"title":"Was Wann Wo","author":"J\u00f6rg Zipf","date":"15. M\u00e4rz 2018","format":false,"excerpt":"Hallenbelegungsplan, Termine, Kurse und mehr Hier und auf den Unterseiten finden Sie unser aktuelles Angebot f\u00fcr Gro\u00df und Klein, Jung und Alt. Hallenbelegungsplan Dem Hallenbelegungsplan k\u00f6nnen Sie entnehmen, was wir an den verschiedenen Wochentagen anbieten. Hier gehts zu den Angeboten. \u00a0","rel":"","context":"\u00c4hnlicher Beitrag","block_context":{"text":"\u00c4hnlicher Beitrag","link":""},"img":{"alt_text":"","src":"","width":0,"height":0},"classes":[]}],"jetpack_sharing_enabled":true,"_links":{"self":[{"href":"https:\/\/www.tgs-somborn.de\/start\/wp-json\/wp\/v2\/pages\/25","targetHints":{"allow":["GET"]}}],"collection":[{"href":"https:\/\/www.tgs-somborn.de\/start\/wp-json\/wp\/v2\/pages"}],"about":[{"href":"https:\/\/www.tgs-somborn.de\/start\/wp-json\/wp\/v2\/types\/page"}],"author":[{"embeddable":true,"href":"https:\/\/www.tgs-somborn.de\/start\/wp-json\/wp\/v2\/users\/1"}],"replies":[{"embeddable":true,"href":"https:\/\/www.tgs-somborn.de\/start\/wp-json\/wp\/v2\/comments?post=25"}],"version-history":[{"count":19,"href":"https:\/\/www.tgs-somborn.de\/start\/wp-json\/wp\/v2\/pages\/25\/revisions"}],"predecessor-version":[{"id":856,"href":"https:\/\/www.tgs-somborn.de\/start\/wp-json\/wp\/v2\/pages\/25\/revisions\/856"}],"wp:attachment":[{"href":"https:\/\/www.tgs-somborn.de\/start\/wp-json\/wp\/v2\/media?parent=25"}],"curies":[{"name":"wp","href":"https:\/\/api.w.org\/{rel}","templated":true}]}}