{"id":105,"date":"2018-04-22T16:48:21","date_gmt":"2018-04-22T14:48:21","guid":{"rendered":"http:\/\/tgs-somborn.de\/start\/?page_id=105"},"modified":"2025-05-15T15:27:12","modified_gmt":"2025-05-15T13:27:12","slug":"beitraege","status":"publish","type":"page","link":"https:\/\/www.tgs-somborn.de\/start\/beitraege\/","title":{"rendered":"Beitr\u00e4ge"},"content":{"rendered":"<h2>Beitragss\u00e4tze (Jahresbeitr\u00e4ge)<\/h2>\n<hr \/>\n<table style=\"height: 147px;\" border=\"0\" width=\"679\" cellspacing=\"0\" cellpadding=\"0\" align=\"left\">\n<tbody>\n<tr>\n<td valign=\"top\">\u00a0\u00a0\u00a0\u00a0 Aktive<\/td>\n<td valign=\"top\">84,-\u20ac<\/td>\n<\/tr>\n<tr>\n<td valign=\"top\">\u00a0\u00a0\u00a0\u00a0 Passive<\/td>\n<td valign=\"top\">42,-\u20ac<\/td>\n<\/tr>\n<tr>\n<td valign=\"top\">\u00a0\u00a0\u00a0\u00a0 Kinder\/Sch\u00fcler\/Auszubildende\/Studenten<\/td>\n<td valign=\"top\">60,-\u20ac<\/td>\n<\/tr>\n<tr>\n<td valign=\"top\">\u00a0\u00a0\u00a0\u00a0 Familien<\/td>\n<td valign=\"top\">168,-\u20ac<\/td>\n<\/tr>\n<\/tbody>\n<\/table>\n<p>Die Beitr\u00e4ge werden bevorzugt \u00fcber das Banklastschriftverfahren eingezogen.<\/p>\n<p>Bitte beachten Sie auf jeden Fall unsere Beitragsgeb\u00fchrenordnung.<\/p>\n<p>Geb\u00fchrenordnung vom 09.12.2005<br \/><a href=\"http:\/\/tgs-somborn.de\/start\/wp-content\/uploads\/2018\/04\/Gebuehrenordnung2006_20051209.pdf\" target=\"_blank\" rel=\"noopener noreferrer\">PDF herunterladen<\/a><\/p>\n<p>Ihre Bankdaten haben sich ge\u00e4ndert? Kein Problem! Teilen Sie uns \u00c4nderungen etc. bitte schriftlich mit.<\/p>\n<p><a href=\"https:\/\/www.tgs-somborn.de\/start\/wp-content\/uploads\/2019\/01\/Aenderung_TGS_2019.pdf\" target=\"_blank\" rel=\"noopener noreferrer\">PDF herunterladen<\/a><\/p>\n<p>\u00c4nderungen per Email k\u00f6nnen aus rechtlichen Gr\u00fcnden nicht angenommen werden.<\/p>\n\n\n<p><\/p>\n","protected":false},"excerpt":{"rendered":"<p>Beitragss\u00e4tze (Jahresbeitr\u00e4ge) \u00a0\u00a0\u00a0\u00a0 Aktive 84,-\u20ac \u00a0\u00a0\u00a0\u00a0 Passive 42,-\u20ac \u00a0\u00a0\u00a0\u00a0 Kinder\/Sch\u00fcler\/Auszubildende\/Studenten 60,-\u20ac \u00a0\u00a0\u00a0\u00a0 Familien 168,-\u20ac Die Beitr\u00e4ge werden bevorzugt \u00fcber das Banklastschriftverfahren eingezogen. Bitte beachten Sie auf jeden Fall unsere Beitragsgeb\u00fchrenordnung. Geb\u00fchrenordnung vom 09.12.2005PDF herunterladen Ihre Bankdaten haben sich ge\u00e4ndert? Kein Problem! Teilen Sie uns \u00c4nderungen etc. bitte schriftlich mit. PDF herunterladen \u00c4nderungen per Email k\u00f6nnen &#8230; <a title=\"Beitr\u00e4ge\" class=\"read-more\" href=\"https:\/\/www.tgs-somborn.de\/start\/beitraege\/\" aria-label=\"Mehr Informationen \u00fcber Beitr\u00e4ge\">Weiterlesen<\/a><\/p>\n","protected":false},"author":1,"featured_media":0,"parent":0,"menu_order":0,"comment_status":"closed","ping_status":"closed","template":"","meta":{"footnotes":""},"class_list":["post-105","page","type-page","status-publish"],"yoast_head":"<!-- This site is optimized with the Yoast SEO plugin v27.5 - https:\/\/yoast.com\/product\/yoast-seo-wordpress\/ -->\n<title>Beitr\u00e4ge | Turngesellschaft 1888 e.V. Somborn<\/title>\n<meta name=\"robots\" content=\"index, follow, max-snippet:-1, max-image-preview:large, max-video-preview:-1\" \/>\n<link rel=\"canonical\" href=\"https:\/\/www.tgs-somborn.de\/start\/beitraege\/\" \/>\n<meta property=\"og:locale\" content=\"de_DE\" \/>\n<meta property=\"og:type\" content=\"article\" \/>\n<meta property=\"og:title\" content=\"Beitr\u00e4ge | Turngesellschaft 1888 e.V. Somborn\" \/>\n<meta property=\"og:description\" content=\"Beitragss\u00e4tze (Jahresbeitr\u00e4ge) \u00a0\u00a0\u00a0\u00a0 Aktive 84,-\u20ac \u00a0\u00a0\u00a0\u00a0 Passive 42,-\u20ac \u00a0\u00a0\u00a0\u00a0 Kinder\/Sch\u00fcler\/Auszubildende\/Studenten 60,-\u20ac \u00a0\u00a0\u00a0\u00a0 Familien 168,-\u20ac Die Beitr\u00e4ge werden bevorzugt \u00fcber das Banklastschriftverfahren eingezogen. Bitte beachten Sie auf jeden Fall unsere Beitragsgeb\u00fchrenordnung. Geb\u00fchrenordnung vom 09.12.2005PDF herunterladen Ihre Bankdaten haben sich ge\u00e4ndert? Kein Problem! Teilen Sie uns \u00c4nderungen etc. bitte schriftlich mit. PDF herunterladen \u00c4nderungen per Email k\u00f6nnen ... Weiterlesen\" \/>\n<meta property=\"og:url\" content=\"https:\/\/www.tgs-somborn.de\/start\/beitraege\/\" \/>\n<meta property=\"og:site_name\" content=\"Turngesellschaft 1888 e.V. Somborn\" \/>\n<meta property=\"article:publisher\" content=\"http:\/\/www.facebook.com\/TurngesellschaftSomborn\" \/>\n<meta property=\"article:modified_time\" content=\"2025-05-15T13:27:12+00:00\" \/>\n<meta name=\"twitter:card\" content=\"summary_large_image\" \/>\n<meta name=\"twitter:label1\" content=\"Gesch\u00e4tzte Lesezeit\" \/>\n\t<meta name=\"twitter:data1\" content=\"1\u00a0Minute\" \/>\n<script type=\"application\/ld+json\" class=\"yoast-schema-graph\">{\"@context\":\"https:\\\/\\\/schema.org\",\"@graph\":[{\"@type\":\"WebPage\",\"@id\":\"https:\\\/\\\/www.tgs-somborn.de\\\/start\\\/beitraege\\\/\",\"url\":\"https:\\\/\\\/www.tgs-somborn.de\\\/start\\\/beitraege\\\/\",\"name\":\"Beitr\u00e4ge | Turngesellschaft 1888 e.V. Somborn\",\"isPartOf\":{\"@id\":\"https:\\\/\\\/www.tgs-somborn.de\\\/start\\\/#website\"},\"datePublished\":\"2018-04-22T14:48:21+00:00\",\"dateModified\":\"2025-05-15T13:27:12+00:00\",\"breadcrumb\":{\"@id\":\"https:\\\/\\\/www.tgs-somborn.de\\\/start\\\/beitraege\\\/#breadcrumb\"},\"inLanguage\":\"de\",\"potentialAction\":[{\"@type\":\"ReadAction\",\"target\":[\"https:\\\/\\\/www.tgs-somborn.de\\\/start\\\/beitraege\\\/\"]}]},{\"@type\":\"BreadcrumbList\",\"@id\":\"https:\\\/\\\/www.tgs-somborn.de\\\/start\\\/beitraege\\\/#breadcrumb\",\"itemListElement\":[{\"@type\":\"ListItem\",\"position\":1,\"name\":\"Startseite\",\"item\":\"https:\\\/\\\/www.tgs-somborn.de\\\/start\\\/\"},{\"@type\":\"ListItem\",\"position\":2,\"name\":\"Beitr\u00e4ge\"}]},{\"@type\":\"WebSite\",\"@id\":\"https:\\\/\\\/www.tgs-somborn.de\\\/start\\\/#website\",\"url\":\"https:\\\/\\\/www.tgs-somborn.de\\\/start\\\/\",\"name\":\"Turngesellschaft 1888 e.V. Somborn\",\"description\":\"Der Verein f\u00fcr die ganze Familie\",\"publisher\":{\"@id\":\"https:\\\/\\\/www.tgs-somborn.de\\\/start\\\/#organization\"},\"potentialAction\":[{\"@type\":\"SearchAction\",\"target\":{\"@type\":\"EntryPoint\",\"urlTemplate\":\"https:\\\/\\\/www.tgs-somborn.de\\\/start\\\/?s={search_term_string}\"},\"query-input\":{\"@type\":\"PropertyValueSpecification\",\"valueRequired\":true,\"valueName\":\"search_term_string\"}}],\"inLanguage\":\"de\"},{\"@type\":\"Organization\",\"@id\":\"https:\\\/\\\/www.tgs-somborn.de\\\/start\\\/#organization\",\"name\":\"Turngesellschaft 1888 e. V. Somborn\",\"url\":\"https:\\\/\\\/www.tgs-somborn.de\\\/start\\\/\",\"logo\":{\"@type\":\"ImageObject\",\"inLanguage\":\"de\",\"@id\":\"https:\\\/\\\/www.tgs-somborn.de\\\/start\\\/#\\\/schema\\\/logo\\\/image\\\/\",\"url\":\"https:\\\/\\\/i0.wp.com\\\/www.tgs-somborn.de\\\/start\\\/wp-content\\\/uploads\\\/2018\\\/01\\\/cropped-tgs_wappen-1.gif?fit=198%2C243&ssl=1\",\"contentUrl\":\"https:\\\/\\\/i0.wp.com\\\/www.tgs-somborn.de\\\/start\\\/wp-content\\\/uploads\\\/2018\\\/01\\\/cropped-tgs_wappen-1.gif?fit=198%2C243&ssl=1\",\"width\":198,\"height\":243,\"caption\":\"Turngesellschaft 1888 e. V. Somborn\"},\"image\":{\"@id\":\"https:\\\/\\\/www.tgs-somborn.de\\\/start\\\/#\\\/schema\\\/logo\\\/image\\\/\"},\"sameAs\":[\"http:\\\/\\\/www.facebook.com\\\/TurngesellschaftSomborn\"]}]}<\/script>\n<!-- \/ Yoast SEO plugin. -->","yoast_head_json":{"title":"Beitr\u00e4ge | Turngesellschaft 1888 e.V. Somborn","robots":{"index":"index","follow":"follow","max-snippet":"max-snippet:-1","max-image-preview":"max-image-preview:large","max-video-preview":"max-video-preview:-1"},"canonical":"https:\/\/www.tgs-somborn.de\/start\/beitraege\/","og_locale":"de_DE","og_type":"article","og_title":"Beitr\u00e4ge | Turngesellschaft 1888 e.V. Somborn","og_description":"Beitragss\u00e4tze (Jahresbeitr\u00e4ge) \u00a0\u00a0\u00a0\u00a0 Aktive 84,-\u20ac \u00a0\u00a0\u00a0\u00a0 Passive 42,-\u20ac \u00a0\u00a0\u00a0\u00a0 Kinder\/Sch\u00fcler\/Auszubildende\/Studenten 60,-\u20ac \u00a0\u00a0\u00a0\u00a0 Familien 168,-\u20ac Die Beitr\u00e4ge werden bevorzugt \u00fcber das Banklastschriftverfahren eingezogen. Bitte beachten Sie auf jeden Fall unsere Beitragsgeb\u00fchrenordnung. Geb\u00fchrenordnung vom 09.12.2005PDF herunterladen Ihre Bankdaten haben sich ge\u00e4ndert? Kein Problem! Teilen Sie uns \u00c4nderungen etc. bitte schriftlich mit. PDF herunterladen \u00c4nderungen per Email k\u00f6nnen ... Weiterlesen","og_url":"https:\/\/www.tgs-somborn.de\/start\/beitraege\/","og_site_name":"Turngesellschaft 1888 e.V. Somborn","article_publisher":"http:\/\/www.facebook.com\/TurngesellschaftSomborn","article_modified_time":"2025-05-15T13:27:12+00:00","twitter_card":"summary_large_image","twitter_misc":{"Gesch\u00e4tzte Lesezeit":"1\u00a0Minute"},"schema":{"@context":"https:\/\/schema.org","@graph":[{"@type":"WebPage","@id":"https:\/\/www.tgs-somborn.de\/start\/beitraege\/","url":"https:\/\/www.tgs-somborn.de\/start\/beitraege\/","name":"Beitr\u00e4ge | Turngesellschaft 1888 e.V. Somborn","isPartOf":{"@id":"https:\/\/www.tgs-somborn.de\/start\/#website"},"datePublished":"2018-04-22T14:48:21+00:00","dateModified":"2025-05-15T13:27:12+00:00","breadcrumb":{"@id":"https:\/\/www.tgs-somborn.de\/start\/beitraege\/#breadcrumb"},"inLanguage":"de","potentialAction":[{"@type":"ReadAction","target":["https:\/\/www.tgs-somborn.de\/start\/beitraege\/"]}]},{"@type":"BreadcrumbList","@id":"https:\/\/www.tgs-somborn.de\/start\/beitraege\/#breadcrumb","itemListElement":[{"@type":"ListItem","position":1,"name":"Startseite","item":"https:\/\/www.tgs-somborn.de\/start\/"},{"@type":"ListItem","position":2,"name":"Beitr\u00e4ge"}]},{"@type":"WebSite","@id":"https:\/\/www.tgs-somborn.de\/start\/#website","url":"https:\/\/www.tgs-somborn.de\/start\/","name":"Turngesellschaft 1888 e.V. Somborn","description":"Der Verein f\u00fcr die ganze Familie","publisher":{"@id":"https:\/\/www.tgs-somborn.de\/start\/#organization"},"potentialAction":[{"@type":"SearchAction","target":{"@type":"EntryPoint","urlTemplate":"https:\/\/www.tgs-somborn.de\/start\/?s={search_term_string}"},"query-input":{"@type":"PropertyValueSpecification","valueRequired":true,"valueName":"search_term_string"}}],"inLanguage":"de"},{"@type":"Organization","@id":"https:\/\/www.tgs-somborn.de\/start\/#organization","name":"Turngesellschaft 1888 e. V. Somborn","url":"https:\/\/www.tgs-somborn.de\/start\/","logo":{"@type":"ImageObject","inLanguage":"de","@id":"https:\/\/www.tgs-somborn.de\/start\/#\/schema\/logo\/image\/","url":"https:\/\/i0.wp.com\/www.tgs-somborn.de\/start\/wp-content\/uploads\/2018\/01\/cropped-tgs_wappen-1.gif?fit=198%2C243&ssl=1","contentUrl":"https:\/\/i0.wp.com\/www.tgs-somborn.de\/start\/wp-content\/uploads\/2018\/01\/cropped-tgs_wappen-1.gif?fit=198%2C243&ssl=1","width":198,"height":243,"caption":"Turngesellschaft 1888 e. V. Somborn"},"image":{"@id":"https:\/\/www.tgs-somborn.de\/start\/#\/schema\/logo\/image\/"},"sameAs":["http:\/\/www.facebook.com\/TurngesellschaftSomborn"]}]}},"jetpack_shortlink":"https:\/\/wp.me\/P9Nob7-1H","jetpack-related-posts":[{"id":148,"url":"https:\/\/www.tgs-somborn.de\/start\/kontaktformular\/","url_meta":{"origin":105,"position":0},"title":"Kontaktformular","author":"J\u00f6rg Zipf","date":"22. April 2018","format":false,"excerpt":"Formular Bitte verwenden Sie dieses Formular, wenn Sie Fragen an uns haben oder weitere Informationen ben\u00f6tigen. Achtung!!! Aus rechtlichen Gr\u00fcnden nehmen wir keine K\u00fcndigung der Mitgliedschaft per Kontaktformular (E-Mail) an. Bitte schicken sie diese immer schriftlich an unsere Gesch\u00e4tfsstelle.","rel":"","context":"\u00c4hnlicher Beitrag","block_context":{"text":"\u00c4hnlicher Beitrag","link":""},"img":{"alt_text":"","src":"","width":0,"height":0},"classes":[]},{"id":113,"url":"https:\/\/www.tgs-somborn.de\/start\/formulare\/","url_meta":{"origin":105,"position":1},"title":"Formulare","author":"J\u00f6rg Zipf","date":"22. April 2018","format":false,"excerpt":"Anmeldung, Ummeldung... Eintrittserkl\u00e4rung Sie wollen in unserem Verein Mitglied werden? Kein Problem. Laden Sie ganz einfach das Anmeldeformular herunter, f\u00fcllen es aus und schicken es uns per Post zu oder geben es bei einem \u00dcbungsleiter oder Vorstandsmitglied ab. PDF herunterladen \u00c4nderungsformular Sie sind umgezogen, haben geheiratet oder Ihre Bankverbindung hat\u2026","rel":"","context":"\u00c4hnlicher Beitrag","block_context":{"text":"\u00c4hnlicher Beitrag","link":""},"img":{"alt_text":"","src":"","width":0,"height":0},"classes":[]},{"id":102,"url":"https:\/\/www.tgs-somborn.de\/start\/mitgliederservice\/","url_meta":{"origin":105,"position":2},"title":"Mitgliederservice","author":"J\u00f6rg Zipf","date":"22. April 2018","format":false,"excerpt":"Wichtige Infos f\u00fcr Mitglieder oder die, die es noch werden wollen Auf den folgenden Unterseiten finden Sie wichtige Informationen zu unseren Beitragss\u00e4tzen, wichtige Formulare und unsere Satzung. Achtung!!! Aus rechtlichen Gr\u00fcnden nehmen wir keine K\u00fcndigung der Mitgliedschaft per E-Mail an. Bitte schicken sie diese immer schriftlich an unsere Gesch\u00e4ftsstelle (Josefstra\u00dfe\u2026","rel":"","context":"\u00c4hnlicher Beitrag","block_context":{"text":"\u00c4hnlicher Beitrag","link":""},"img":{"alt_text":"","src":"","width":0,"height":0},"classes":[]},{"id":136,"url":"https:\/\/www.tgs-somborn.de\/start\/kontakt\/","url_meta":{"origin":105,"position":3},"title":"Kontakt","author":"J\u00f6rg Zipf","date":"22. April 2018","format":false,"excerpt":"Nehmen Sie Kontakt mit uns auf 1. Vorsitzender Christopher Benz Waldstr. 8 63579 Freigericht Telefon: 06055 4669 E-Mail:\u00a0christopher.benz@tgs-somborn.de Oberturnwartin Petra Reu\u00dfwig Hanauer Landstr.\u00a013 63594\u00a0Hasselroth Telefon: 06055 2772 E-Mail:\u00a0petra.reusswig@tgs-somborn.de Achtung!!! Aus rechtlichen Gr\u00fcnden nehmen wir keine K\u00fcndigung der Mitgliedschaft per E-Mail an. Bitte schicken sie diese immer schriftlich an unsere Gesch\u00e4ftsstelle.\u2026","rel":"","context":"\u00c4hnlicher Beitrag","block_context":{"text":"\u00c4hnlicher Beitrag","link":""},"img":{"alt_text":"","src":"","width":0,"height":0},"classes":[]},{"id":324,"url":"https:\/\/www.tgs-somborn.de\/start\/angebote\/","url_meta":{"origin":105,"position":4},"title":"Angebote","author":"J\u00f6rg Zipf","date":"1. Februar 2019","format":false,"excerpt":"Unser Angebot f\u00fcr Sie Ob Kinderturnen, Eltern-Kind-Turnen, Wirbels\u00e4ulengymnastik, Tanzen, M\u00e4nnergymnastik oder sogar Reha-Sport, wir bieten f\u00fcr die ganze Familie das passende an. Bei unseren ausgezeichneten Angeboten finden Sie au\u00dferdem von den Sportverb\u00e4nden zertifizierte Angebote. Alle unsere Angebote finden Sie in unserem Hallenbelegungsplan.","rel":"","context":"\u00c4hnlicher Beitrag","block_context":{"text":"\u00c4hnlicher Beitrag","link":""},"img":{"alt_text":"","src":"","width":0,"height":0},"classes":[]},{"id":18,"url":"https:\/\/www.tgs-somborn.de\/start\/ueber-uns\/","url_meta":{"origin":105,"position":5},"title":"\u00dcber uns","author":"J\u00f6rg Zipf","date":"15. M\u00e4rz 2018","format":false,"excerpt":"Wer sind wir? Im Jahr 1888 gegr\u00fcndet, versuchen wir, Tradition mit einem modernen Sportangebot und Vereinsleben zu verbinden. In unserer eigenen Vereinsturnhalle wird sowohl Freizeit- und Breiten- als auch Leistungssport angeboten. Dabei konzentrieren wir uns als gesunder \u201eEinspartenverein\u201c auf das Turnen in all seiner Vielfalt. Neben dem traditionellen Ger\u00e4tturnen bieten\u2026","rel":"","context":"\u00c4hnlicher Beitrag","block_context":{"text":"\u00c4hnlicher Beitrag","link":""},"img":{"alt_text":"","src":"","width":0,"height":0},"classes":[]}],"jetpack_sharing_enabled":true,"_links":{"self":[{"href":"https:\/\/www.tgs-somborn.de\/start\/wp-json\/wp\/v2\/pages\/105","targetHints":{"allow":["GET"]}}],"collection":[{"href":"https:\/\/www.tgs-somborn.de\/start\/wp-json\/wp\/v2\/pages"}],"about":[{"href":"https:\/\/www.tgs-somborn.de\/start\/wp-json\/wp\/v2\/types\/page"}],"author":[{"embeddable":true,"href":"https:\/\/www.tgs-somborn.de\/start\/wp-json\/wp\/v2\/users\/1"}],"replies":[{"embeddable":true,"href":"https:\/\/www.tgs-somborn.de\/start\/wp-json\/wp\/v2\/comments?post=105"}],"version-history":[{"count":13,"href":"https:\/\/www.tgs-somborn.de\/start\/wp-json\/wp\/v2\/pages\/105\/revisions"}],"predecessor-version":[{"id":1182,"href":"https:\/\/www.tgs-somborn.de\/start\/wp-json\/wp\/v2\/pages\/105\/revisions\/1182"}],"wp:attachment":[{"href":"https:\/\/www.tgs-somborn.de\/start\/wp-json\/wp\/v2\/media?parent=105"}],"curies":[{"name":"wp","href":"https:\/\/api.w.org\/{rel}","templated":true}]}}